4
Convert 16 (base 10) to base 11.
15
-21 (base 10) to base 15
-16
-3 (base 14) to base 5
-3
What is -1 (base 5) in base 2?
-1
Convert 142 (base 8) to base 15.
68
-11 (base 9) to base 2
-1010
-43 (base 11) to base 9
-52
What is -2d (base 15) in base 8?
-53
Convert 1 (base 15) to base 9.
1
10 (base 11) to base 4
23
Convert 250 (base 6) to base 12.
86
Convert 11 (base 4) to base 14.
5
What is -360 (base 7) in base 3?
-21000
Convert -4 (base 7) to base 16.
-4
Convert 1c (base 13) to base 15.
1a
-641 (base 7) to base 10
-323
What is -1130 (base 4) in base 7?
-161
Convert -4 (base 12) to base 4.
-10
Convert 1 (base 16) to base 2.
1
-24 (base 8) to base 16
-14
What is 142 (base 6) in base 13?
4a
Convert -b (base 16) to base 13.
-b
0 (base 9) to base 16
0
What is -13 (base 9) in base 16?
-c
Convert -4 (base 6) to base 15.
-4
-100222 (base 3) to base 10
-269
Convert 15 (base 7) to base 3.
110
Convert -7 (base 10) to base 5.
-12
4 (base 7) to base 10
4
What is 1 (base 2) in base 12?
1
What is f (base 16) in base 15?
10
Convert 1022 (base 3) to base 13.
29
Convert 1 (base 12) to base 9.
1
-57 (base 13) to base 4
-1020
-5 (base 11) to base 15
-5
What is 30 (base 4) in base 7?
15
-3 (base 16) to base 3
-10
-1 (base 16) to base 7
-1
What is 10 (base 9) in base 15?
9
What is 24 (base 10) in base 11?
22
Convert -1222 (base 4) to base 5.
-411
Convert 3 (base 15) to base 7.
3
What is 11 (base 2) in base 5?
3
What is 91 (base 10) in base 2?
1011011
7 (base 10) to base 4
13
2 (base 7) to base 3
2
7 (base 14) to base 8
7
Convert -5 (base 14) to base 3.
-12
1 (base 12) to base 16
1
-2f (base 16) to base 10
-47
Convert -1 (base 11) to base 16.
-1
Convert 4 (base 12) to base 11.
4
Convert -253 (base 9) to base 11.
-181
What is 27 (base 8) in base 11?
21
Convert 100 (base 2) to base 3.
11
41 (base 5) to base 11
1a
Convert -12 (base 14) to base 8.
-20
What is 114 (base 5) in base 9?
37
What is 2 (base 7) in base 5?
2
What is -51 (base 7) in base 10?
-36
Convert 65 (base 7) to base 6.
115
11010 (base 2) to base 7
35
Convert -84 (base 11) to base 6.
-232
What is 310 (base 7) in base 3?
12201
What is -35 (base 6) in base 14?
-19
77 (base 12) to base 8
133
21 (base 3) to base 16
7
What is -1010 (base 2) in base 4?
-22
Convert -1010 (base 2) to base 9.
-11
-3 (base 12) to base 6
-3
Convert 28 (base 9) to base 8.
32
-301 (base 6) to base 13
-85
3 (base 7) to base 9
3
-14 (base 12) to base 2
-10000
-22 (base 5) to base 4
-30
What is -1 (base 9) in base 16?
-1
-52 (base 8) to base 16
-2a
Convert 43 (base 5) to base 11.
21
2 (base 6) to base 14
2
0 (base 6) to base 16
0
What is -11000010 (base 2) in base 5?
-1234
What is -111 (base 6) in base 12?
-37
What is 221 (base 5) in base 4?
331
What is 2 (base 8) in base 16?
2
1101 (base 2) to base 6
21
Convert -110000 (base 3) to base 14.
-192
What is 324 (base 6) in base 3?
11121
9 (base 11) to base 14
9
-110 (base 2) to base 8
-6
Convert -161 (base 7) to base 9.
-112
What is -11 (base 2) in base 11?
-3
What is 0 (base 16) in base 13?
0
What is 1 (base 5) in base 8?
1
Convert 15 (base 7) to base 11.
11
What is -12 (base 4) in base 6?
-10
Convert 1013 (base 4) to base 14.
51
What is -4 (base 11) in base 12?
-4
Convert -36 (base 10) to base 11.
-33
What is 10 (base 12) in base 11?
11
What is 26 (base 7) in base 6?
32
Convert -32 (base 5) to base 10.
-17
What is 4 (base 6) in base 8?
4
Convert 5 (base 16) to base 7.
5
3 (base 7) to base 16
3
3 (base 14) to base 9
3
Convert 28 (base 14) to base 6.
100
Convert 2 (base 4) to base 12.
2
What is -24 (base 14) in base 16?
-20
What is -78 (base 11) in base 7?
-151
23 (base 8) to base 15
14
Convert -101 (base 5) to base 7.
-35
What is 21 (base 10) in base 11?
1a
-4 (base 13) to base 10
-4
Convert -22 (base 4) to base 16.
-a
221 (base 10) to base 6
1005
Convert -110001 (base 2) to base 16.
-31
Convert 7 (base 16) to base 2.
111
10100 (base 2) to base 13
17
5 (base 8) to base 7
5
107 (base 16) to base 8
407
-530 (base 6) to base 13
-123
-10 (base 10) to base 15
-a
What is 1 (base 12) in base 9?
1
-4 (base 10) to base 11
-4
What is 5b (base 12) in base 13?
56
-17 (base 11) to base 5
-33
-3 (base 15) to base 8
-3
What is 3 (base 5) in base 3?
10
Convert -32 (base 5) to base 2.
-10001
What is -1 (base 12) in base 2?
-1
What is 0 (base 4) in base 7?
0
-19 (base 12) to base 6
-33
4 (base 14) to base 8
4
What is -1b (base 16) in base 8?
-33
-64 (base 13) to base 11
-75
Convert -3 (base 16) to base 7.
-3
What is -2211 (base 3) in base 15?
-51
-563 (base 7) to base 2
-100100010
-3 (base 10) to base 11
-3
Convert 120 (base 5) to base 4.
203
What is -11010 (base 2) in base 15?
-1b
13 (base 6) to base 12
9
Convert -2 (base 6) to base 14.
-2
-83 (base 16) to base 5
-1011
Convert -7 (base 9) to base 10.
-7
What is 94 (base 13) in base 7?
232
What is b (base 14) in base 2?
1011
Convert 77 (base 10) to base 5.
302
What is -3 (base 8) in base 11?
-3
-1 (base 10) to base 6
-1
-126 (base 12) to base 15
-b9
What is 36 (base 16) in base 10?
54
Convert 3 (base 15) to base 9.
3
-2333 (base 4) to base 10
-191
Convert -1 (base 10) to base 6.
-1
What is -302 (base 4) in base 11?
-46
-20 (base 3) to base 15
-6
-5b (base 12) to base 2
-1000111
Convert 5b (base 15) to base 3.
10012
Convert 28 (base 13) to base 11.
31
440 (base 5) to base 11
aa
-52 (base 10) to base 9
-57
-1 (base 15) to base 4
-1
Convert -2 (base 7) to base 11.
-2
-4 (base 13) to base 8
-4
What is -34 (base 6) in base 10?
-22
What is 23 (base 13) in base 2?
11101
What is -11 (base 12) in base 9?
-14
What is 10 (base 7) in base 10?
7
What is 41 (base 12) in base 16?
31
-21102 (base 3) to base 6
-532
Convert -31 (base 4) to base 7.
-16
What is -43 (base 8) in base 3?
-1022
1 (base 7) to base 11
1
What is 2 (base 8) in base 6?
2
Convert -3 (base 16) to base 15.
-3
-10 (base 6) to base 2
-110
Convert 23 (base 6) to base 14.
11
Convert -b (base 16) to base 5.
-21
Convert -2 (base 10) to base 15.
-2
What is -101 (base 2) in base 6?
-5
What is -a (base 16) in base 14?
-a
215 (base 7) to base 3
11002
What is 25 (base 11) in base 12?
23
-5 (base 16) to base 13
-5
6 (base 12) to base 6
10
1 (base 4) to base 9
1
Convert 0 (base 5) to base 14.
0
What is -26 (base 13) in base 15?
-22
What is -3c (base 13) in base 3?
-1220
Convert 46 (base 13) to base 12.
4a
Convert 315 (base 6) to base 8.
167
-129 (base 12) to base 15
-bc
10 (base 3) to base 8
3
What is -23 (base 9) in base 6?
-33
-6 (base 9) to base 10
-6
What is -3 (base 15) in base 5?
-3
Convert 10 (base 3) to base 8.
3
Convert -6 (base 15) to base 2.
-110
Convert -2 (base 12) to base 2.
-10
Convert 5 (base 9) to base 10.
5
Convert -41 (base 13) to base 4.
-311
What is -122 (base 7) in base 10?
-65
9c (base 13) to base 16
81
Convert 17 (base 11) to base 10.
18
What is 2 (base 15) in base 2?
10
What is 5 (base 8) in base 16?
5
1b (base 14) to base 3
221
Convert 4 (base 16) to base 5.
4
-250 (base 6) to base 9
-123
-2 (base 14) to base 3
-2
What is 71 (base 10) in base 8?
107
-11 (base 12) to base 8
-15
Convert 1 (base 4) to base 5.
1
Convert -31 (base 13) to base 12.
-34
What is 56 (base 9) in base 8?
63
Convert -22 (base 13) to base 16.
-1c
Convert 201 (base 3) to base 9.
21
What is -b (base 12) in base 10?
-11
-1 (base 15) to base 4
-1
Convert -10010000 (base 2) to base 15.
-99
-82 (base 10) to base 2
-1010010
-212 (base 7) to base 10
-107
Convert 211 (base 4) to base 15.
27
What is 5 (base 10) in base 6?
5
Convert 3 (base 10) to base 5.
3
What is 10100 (base 2) in base 6?
32
Convert -18 (base 15) to base 4.
-113
Convert 104 (base 6) to base 13.
31
Convert 10 (base 2) to base 6.
2
Convert -5 (base 7) to base 12.
-5
100 (base 3) to base 10
9
What is -93 (base 11) in base 10?
-102
3 (base 10) to base 13
3
-1a (base 12) to base 6
-34
12 (base 14) to base 11
15
Convert 333 (base 8) to base 14.
119
2 (base 15) to base 5
2
What is 41 (base 12) in base 3?
1211
What is 110110 (base 2) in base 3?
2000
Convert -1 (base 7) to base 3.
-1
-1 (base 5) to base 11
-1
Convert 2 (base 9) to base 13.
2
3 (base 10) to base 16
3
Convert -3 (base 4) to base 6.
-3
1021 (base 3) to base 11
31
What is -1000 (base 2) in base 16?
-8
-1130 (base 4) to base 5
-332
What is -200 (base 5) in base 8?
-62
0 (base 10) to base 2
0
What is 1002 (b